the remainder when 5 is divided by 3.
2
What is the remainder when 405 is divided by 146?
113
Calculate the remainder when 168 is divided by 41.
4
What is the remainder when 4111 is divided by 344?
327
What is the remainder when 1978 is divided by 6?
4
What is the remainder when 669 is divided by 24?
21
What is the remainder when 359 is divided by 62?
49
Calculate the remainder when 217 is divided by 17.
13
Calculate the remainder when 2151 is divided by 12.
3
Calculate the remainder when 89 is divided by 45.
44
What is the remainder when 440 is divided by 149?
142
What is the remainder when 182 is divided by 69?
44
Calculate the remainder when 350 is divided by 70.
0
What is the remainder when 1543 is divided by 42?
31
What is the remainder when 359 is divided by 20?
19
What is the remainder when 46258 is divided by 167?
166
What is the remainder when 2357 is divided by 40?
37
Calculate the remainder when 8690 is divided by 4343.
4
Calculate the remainder when 919 is divided by 75.
19
What is the remainder when 588 is divided by 210?
168
What is the remainder when 399 is divided by 63?
21
What is the remainder when 8 is divided by 4?
0
What is the remainder when 780 is divided by 56?
52
Calculate the remainder when 215 is divided by 73.
69
Calculate the remainder when 7738 is divided by 89.
84
What is the remainder when 224 is divided by 33?
26
What is the remainder when 771 is divided by 195?
186
What is the remainder when 336 is divided by 88?
72
Calculate the remainder when 1075 is divided by 26.
9
What is the remainder when 1013 is divided by 13?
12
What is the remainder when 687 is divided by 24?
15
What is the remainder when 224 is divided by 55?
4
Calculate the remainder when 1331 is divided by 74.
73
What is the remainder when 1051 is divided by 213?
199
Calculate the remainder when 2939 is divided by 23.
18
Calculate the remainder when 228 is divided by 21.
18
Calculate the remainder when 466 is divided by 80.
66
Calculate the remainder when 8538 is divided by 16.
10
Calculate the remainder when 92 is divided by 24.
20
What is the remainder when 271 is divided by 9?
1
Calculate the remainder when 36 is divided by 16.
4
Calculate the remainder when 469 is divided by 44.
29
What is the remainder when 480 is divided by 160?
0
What is the remainder when 902 is divided by 297?
11
Calculate the remainder when 1201 is divided by 101.
90
Calculate the remainder when 51 is divided by 34.
17
Calculate the remainder when 323 is divided by 27.
26
What is the remainder when 512 is divided by 132?
116
Calculate the remainder when 3981 is divided by 24.
21
What is the remainder when 54 is divided by 19?
16
What is the remainder when 3895 is divided by 299?
8
What is the remainder when 34 is divided by 26?
8
Calculate the remainder when 116 is divided by 24.
20
What is the remainder when 64 is divided by 22?
20
Calculate the remainder when 190 is divided by 32.
30
Calculate the remainder when 500 is divided by 43.
27
What is the remainder when 506 is divided by 82?
14
What is the remainder when 316 is divided by 215?
101
Calculate the remainder when 1272 is divided by 13.
11
Calculate the remainder when 15 is divided by 9.
6
What is the remainder when 418 is divided by 20?
18
Calculate the remainder when 1558 is divided by 259.
4
Calculate the remainder when 8 is divided by 2.
0
Calculate the remainder when 347 is divided by 50.
47
Calculate the remainder when 68407 is divided by 17.
16
Calculate the remainder when 747 is divided by 63.
54
Calculate the remainder when 143 is divided by 8.
7
Calculate the remainder when 525 is divided by 322.
203
What is the remainder when 155 is divided by 45?
20
Calculate the remainder when 121 is divided by 32.
25
What is the remainder when 879 is divided by 21?
18
Calculate the remainder when 206 is divided by 36.
26
Calculate the remainder when 41 is divided by 31.
10
What is the remainder when 39 is divided by 2?
1
What is the remainder when 26 is divided by 21?
5
Calculate the remainder when 2255 is divided by 49.
1
Calculate the remainder when 89 is divided by 2.
1
Calculate the remainder when 404 is divided by 12.
8
Calculate the remainder when 7714 is divided by 13.
5
Calculate the remainder when 341 is divided by 7.
5
What is the remainder when 14106 is divided by 126?
120
What is the remainder when 229 is divided by 83?
63
Calculate the remainder when 338 is divided by 34.
32
What is the remainder when 103 is divided by 5?
3
Calculate the remainder when 928 is divided by 131.
11
What is the remainder when 90 is divided by 23?
21
What is the remainder when 1024 is divided by 54?
52
What is the remainder when 14519 is divided by 106?
103
What is the remainder when 50 is divided by 19?
12
Calculate the remainder when 86 is divided by 42.
2
What is the remainder when 3233 is divided by 249?
245
Calculate the remainder when 122 is divided by 91.
31
Calculate the remainder when 161 is divided by 39.
5
What is the remainder when 2752 is divided by 13?
9
Calculate the remainder when 141 is divided by 48.
45
What is the remainder when 149 is divided by 51?
47
Calculate the remainder when 364 is divided by 47.
35
What is the remainder when 80 is divided by 9?
8
Calculate the remainder when 522 is divided by 12.
6
What is the remainder when 668 is divided by 28?
24
What is the remainder when 100 is divided by 72?
28
Calculate the remainder when 706 is divided by 71.
67
What is the remainder when 143 is divided by 74?
69
What is the remainder when 77 is divided by 54?
23
What is the remainder when 97 is divided by 31?
4
What is the remainder when 1599 is divided by 2?
1
What is the remainder when 74 is divided by 51?
23
What is the remainder when 558 is divided by 143?
129
Calculate the remainder when 264 is divided by 262.
2
Calculate the remainder when 264 is divided by 30.
24
Calculate the remainder when 1139 is divided by 112.
19
What is the remainder when 31 is divided by 14?
3
Calculate the remainder when 205 is divided by 16.
13
Calculate the remainder when 622 is divided by 6.
4
Calculate the remainder when 23934 is divided by 28.
22
What is the remainder when 18125 is divided by 103?
100
Calculate the remainder when 545 is divided by 89.
11
What is the remainder when 192 is divided by 42?
24
Calculate the remainder when 421 is divided by 20.
1
What is the remainder when 1148 is divided by 52?
4
What is the remainder when 109 is divided by 10?
9
What is the remainder when 253 is divided by 69?
46
Calculate the remainder when 146 is divided by 77.
69
What is the remainder when 110 is divided by 9?
2
What is the remainder when 25283 is divided by 58?
53
Calculate the remainder when 172 is divided by 59.
54
Calculate the remainder when 847 is divided by 5.
2
Calculate the remainder when 2103 is divided by 3.
0
Calculate the remainder when 2642 is divided by 51.
41
Calculate the remainder when 1016 is divided by 334.
14
Calculate the remainder when 305 is divided by 13.
6
What is the remainder when 58 is divided by 6?
4
Calculate the remainder when 209 is divided by 35.
34
What is the remainder when 1114 is divided by 369?
7
Calculate the remainder when 179 is divided by 83.
13
Calculate the remainder when 158 is divided by 8.
6
What is the remainder when 55 is divided by 1?
0
Calculate the remainder when 614 is divided by 28.
26
Calculate the remainder when 4460 is divided by 73.
7
What is the remainder when 407 is divided by 68?
67
Calculate the remainder when 217 is divided by 28.
21
Calculate the remainder when 2103 is divided by 27.
24
Calculate the remainder when 132 is divided by 100.
32
What is the remainder when 111 is divided by 51?
9
Calculate the remainder when 70 is divided by 69.
1
What is the remainder when 93 is divided by 52?
41
Calculate the remainder when 69 is divided by 15.
9
Calculate the remainder when 365 is divided by 336.
29
What is the remainder when 2129 is divided by 14?
1
What is the remainder when 1552 is divided by 146?
92
What is the remainder when 17 is divided by 12?
5
Calculate the remainder when 1166 is divided by 66.
44
What is the remainder when 898 is divided by 214?
42
Calculate the remainder when 31 is divided by 20.
11
What is the remainder when 6014 is divided by 1